e 2*d = -4*t + 198, -3*t + 3*d + f = 2*t. Calculate the highest common factor of 13 and t.
13
Let s(m) = 3*m**2 + 234*m + 130. Let a be s(-78). Calculate the greatest common divisor of 110 and a.
10
Let f(o) = o - 10. Let q be f(10). Suppose 2*c + p + 43 + 68 = q, -310 = 5*c - 4*p. Let k = -31 - c. What is the greatest common divisor of 3 and k?
3
Suppose 26*o + 212 = 28*o + 4*j, -3*o + 318 = -5*j. Suppose 230 + o = 24*n. Calculate the highest common divisor of n and 14.
14
Suppose -305 = -18*h + 721 + 108. What is the highest common divisor of h and 427?
7
Let r(k) = 5*k + 49. Let t be r(-9). Suppose -t*o + 56 - 44 = 0. What is the highest common divisor of o and 111?
3
Suppose 5*n - 160 = 3*l, -4*n + 5*l + 114 = -1. Suppose n*u = 21*u + 98. Calculate the greatest common factor of u and 3.
1
Let w(y) be the second derivative of 0 - 14*y + 15/2*y**2 - 1/6*y**3. Let p be w(11). Calculate the highest common divisor of p and 44.
4
Let s = 51 - 36. Let m be (3*13)/(5/25). What is the greatest common divisor of s and m?
15
Suppose 405*i - 93 = 400*i - 2*z, 5*i + 5*z = 75. Let h be (-4)/10 - (-1367)/5. Calculate the highest common factor of h and i.
21
Let x = 28 + -12. Let k = 60073 + -59417. Calculate the greatest common factor of k and x.
16
Let z(m) = m**2 + 124. Let f be z(0). Suppose 5306 = 16*d + 890. Let q = d - f. Calculate the greatest common divisor of q and 19.
19
Let a = -11250 - -11511. Calculate the highest common factor of 99 and a.
9
Let n be ((-48)/32)/((-6)/1256). Suppose 5*a + j - n - 156 = 0, 3*j = 4*a - 395. Calculate the greatest common divisor of a and 5.
5
Suppose -234 = -3*q + q. Let r = -21442 - -21460. What is the highest common divisor of r and q?
9
Suppose 5*g = x + 292, -7*x + 9*x = 4*g - 236. Suppose 24*q - 23910 = 19242. What is the highest common divisor of g and q?
58
Suppose 5*f - 545 = 5*o, 2056*f - 3*o = 2055*f + 115. Calculate the highest common divisor of f and 3.
1
Let h = 104 + -48. Let p = 3387 + -3347. What is the greatest common factor of h and p?
8
Suppose -5 = 5*i, 0*y - 12 = -y + 5*i. Let v(f) = -f**2 + 394*f - 1546. Let k be v(4). What is the greatest common factor of k and y?
7
Suppose 4*h - 308 = -4*s, -3*h - 5*s + 3*s + 235 = 0. Calculate the highest common divisor of 2646 and h.
27
Let q be (1 + 1/(-3))/(388/11058). Calculate the highest common factor of 17 and q.
1
Suppose -10 + 22 = 6*u. Let v(s) = 1 - 1 + 6*s**2 - 2 + 9*s**u. Let a be v(-1). What is the highest common factor of a and 65?
13
Let l = 137 - -856. Suppose -4*g - 4*b = 13 - l, 2*g - 487 = -b. What is the highest common divisor of g and 110?
22
Suppose -v = -0*v - 252. Suppose -2*r + 224 + 1084 = 5*d, d = 2*r + v. What is the greatest common factor of 104 and d?
52
Suppose -1 - 29 = -10*l. Suppose l*k - 5*w - 164 = 0, -4*w - 20 - 30 = -k. What is the highest common divisor of k and 58?
58
Let u(n) = n + 1. Let i(h) = 0*h - 7*h - 10 + h. Let v(w) = i(w) + 3*u(w). Let p be v(-15). What is the greatest common factor of 57 and p?
19
Suppose -74*s + 43164 = 35*s. What is the greatest common factor of s and 55?
11
Let q = 366 - 345. Suppose 24*p - q*p - 672 = 0. Calculate the greatest common divisor of 56 and p.
56
Suppose 0 = o + z - 2544, -2*o + 2045 = z - 3037. Calculate the greatest common factor of o and 94.
94
Suppose -4181 + 653 = -16*h - 5*h. Let w = -8 - -50. Calculate the greatest common factor of h and w.
42
Let c(v) = -4*v**3 - 212*v**2 + 34*v + 1805. Let b be c(-53). Let h(a) = -a**3 + 6*a**2 - 5*a + 3. Let o be h(5). What is the greatest common factor of o and b?
3
Suppose -6*y + 47 + 40 = 63. Let s(i) = 4 + 5*i + i**3 - i**2 + 2*i**2 - 4*i**2. Let v be s(y). What is the greatest common divisor of v and 10?
10
Suppose 0 = 5*q - 2*g + 5*g - 16, -3*q - 5*g = 0. Let y be (-60)/100 - (-1128)/q. What is the highest common divisor of y and 300?
75
Let s be ((-2)/2)/(7/(-56)). Let o be -1*1*(-12 - 2928)/10. Let v = 358 - o. What is the greatest common factor of v and s?
8
Suppose -1244 + 68 = -4*r + 4*y, 0 = -2*r - y + 582. What is the highest common divisor of r and 60?
4
Let a = -403 - 29. Let s = a + 641. What is the highest common factor of 44 and s?
11
Let u(s) = -3*s**2 - 113*s + 862. Let z be u(-44). Calculate the greatest common factor of z and 794.
2
Let d be (-10)/(-30) + 121780/15. Calculate the highest common factor of d and 161.
23
Let y(i) = 0*i**2 - 4*i + 50*i**2 - i - 5. Let x be -2*-3*5/(-30). Let p be y(x). Calculate the greatest common divisor of p and 20.
10
Let w be (-46)/(-115) - 138/(-5). Suppose -x + 13 = -5*l - w, 4 = -l. What is the highest common divisor of 63 and x?
21
Let f = -390 + 210. Let j be -4 + f/(6 - 11). What is the highest common factor of j and 608?
32
Let o(a) = 5*a**2 + 15*a - 10. Let s be 2*5/(-3)*(-66)/(-44). Let j be o(s). Calculate the highest common factor of j and 200.
40
Suppose 9*t + 0*t + 2220 - 2904 = 0. Calculate the greatest common divisor of t and 779.
19
Suppose 4*z + 3*m - 266 = 0, 427 = 6*z + 4*m + 27. What is the highest common factor of 2822 and z?
34
Suppose -40*t = -37*t + 4*n - 345, 2*n + 482 = 4*t. What is the greatest common factor of 85 and t?
17
Suppose -15*f - 20*f - 117 = -747. What is the greatest common divisor of f and 25722?
18
Let f(x) = 9835*x - 1587. Let p be f(3). Calculate the highest common factor of 44 and p.
22
Let d = 27100 + -21717. What is the highest common factor of 14 and d?
7
Let c be (12/34)/(192/6528). What is the greatest common divisor of c and 1068?
12
Let o(i) = 272*i - 1326. Let z be o(5). What is the greatest common factor of z and 901?
17
Suppose -4*m + 52 = 10*d - 6*d, 0 = 3*m + d - 43. Suppose -3*b = 4*r - 67, 3*b - m - 47 = -5*r. Calculate the greatest common divisor of b and 261.
29
Suppose 3495 + 2013 = 18*r. What is the highest common factor of r and 170?
34
Let d(j) = -107*j**3 + 12*j + 48*j**3 - 11 + 58*j**3 + 3*j**2. Let i be d(4). What is the highest common factor of i and 210?
21
Let q = -305 - -575. Suppose -11*x + q = 4*x. What is the highest common factor of 27 and x?
9
Let g be (-6015)/(-135) + (6 - 150/27). Calculate the highest common divisor of 60 and g.
15
Let d = -12854 + 14390. What is the highest common factor of d and 144?
48
Suppose -3*h - h = 5*w - 233, 5*h + 2*w = 270. Let b = -3 - 72. Let p = 101 + b. Calculate the greatest common factor of p and h.
26
Let s(t) = -2. Let f(x) = x - 32. Let g(n) = -3*f(n) + 6*s(n). Let w be g(23). What is the greatest common divisor of w and 45?
15
Let o be -4*((-1)/6)/(3/9). Let x be 5*91/26*o/7. Suppose x*v + 5*w = 70, -5*v + 20 = -3*w - 10. Calculate the greatest common factor of 90 and v.
9
Suppose -3*w - 2*w = -5*f + 120, 3*f - 74 = w. Let y be (-52)/182 + 303/7. Suppose 38*z = y*z - 125. What is the highest common factor of f and z?
25
Let m be (-2 - 1 - 12)*80/(-6). Suppose n - 4*v = m, 0*v - 1085 = -5*n + 3*v. Suppose -2*o - 3*o = -220. Calculate the greatest common divisor of o and n.
44
Suppose 3412 + 2767 = 28*v + 1671. Suppose 2*u - 83 = 3*t, -2*t - 33 = -2*u + 53. Calculate the greatest common divisor of u and v.
23
Let g(z) = 6*z + 18. Let y be g(11). Let m = -102 + 107. Suppose m*x - 113 = -53. Calculate the greatest common divisor of y and x.
12
Suppose 4*v + 4*h = -v + 32, v + 5 = 3*h. Let y be ((-48)/(-9))/(v/180*6). Calculate the greatest common divisor of 4 and y.
4
Suppose 0 = -2*r + 2*g + 166, -2*g - 57 + 146 = r. Calculate the highest common factor of r and 867.
17
Let v(b) = b**2 - b + 8. Let t be v(7). Let z be -12*1/(-8)*t. Let y = -38 - -53. Calculate the highest common factor of z and y.
15
Suppose v = -4*j - 485, 2*v = -13*j + 15*j + 230. Let p be 4*2/(-8)*j/3. Calculate the greatest common divisor of p and 320.
40
Suppose 2*x - 2*t = 73 + 75, 4*x - t - 308 = 0. Let u(c) = -c**3 + 21*c**2 - 92*c + 18. Let a be u(6). Calculate the highest common divisor of a and x.
6
Let m be 1 + (0 - (-6)/6 - -60). Let b = m - 41. What is the greatest common divisor of b and 147?
21
Let h = -8905 - -8932. Let l = 19 - -8. Calculate the highest common divisor of l and h.
27
Let t(q) = 8*q**3 + 17*q**2 - 40*q - 14. Let g be t(5). What is the greatest common divisor of g and 1038?
173
Suppose 18*n = 13*n + 275. Let w = -42 + n. Suppose -3*x + 198 = -x + 4*v, -3*v =